 (base 12) in base 5?
312
What is 10 (base 5) in base 12?
5
Convert -2 (base 15) to base 4.
-2
Convert -3 (base 12) to base 11.
-3
-40 (base 6) to base 11
-22
Convert -2 (base 9) to base 4.
-2
-1111100 (base 2) to base 3
-11121
9 (base 14) to base 2
1001
-18 (base 11) to base 4
-103
4 (base 13) to base 3
11
-129 (base 13) to base 16
-cc
-1d (base 14) to base 6
-43
What is 45 (base 16) in base 9?
76
What is -441 (base 6) in base 15?
-b4
118 (base 9) to base 4
1202
Convert 34 (base 7) to base 13.
1c
What is 21 (base 6) in base 11?
12
What is -20 (base 3) in base 9?
-6
What is -c (base 15) in base 16?
-c
-1 (base 11) to base 14
-1
Convert -11 (base 7) to base 8.
-10
9 (base 10) to base 11
9
What is -110 (base 3) in base 2?
-1100
What is -8 (base 9) in base 16?
-8
Convert 3 (base 13) to base 3.
10
What is -3 (base 16) in base 11?
-3
Convert -2 (base 14) to base 13.
-2
What is -12 (base 9) in base 3?
-102
Convert -77 (base 9) to base 15.
-4a
What is 2 (base 3) in base 9?
2
-10 (base 7) to base 5
-12
-10 (base 2) to base 4
-2
Convert 1 (base 12) to base 14.
1
Convert 17 (base 11) to base 14.
14
Convert 0 (base 4) to base 6.
0
2 (base 5) to base 2
10
111 (base 6) to base 14
31
-204 (base 5) to base 11
-4a
What is 1 (base 4) in base 15?
1
220 (base 7) to base 13
88
-13 (base 6) to base 14
-9
Convert 1a (base 12) to base 11.
20
What is -7 (base 14) in base 5?
-12
What is 13 (base 9) in base 14?
c
6 (base 15) to base 13
6
Convert -1 (base 14) to base 16.
-1
-31 (base 4) to base 11
-12
What is 11 (base 15) in base 5?
31
What is 2301 (base 4) in base 7?
342
What is -1 (base 14) in base 15?
-1
Convert 10 (base 2) to base 7.
2
5 (base 6) to base 2
101
-3 (base 11) to base 2
-11
Convert -3 (base 9) to base 2.
-11
What is -143 (base 6) in base 8?
-77
What is -3 (base 6) in base 9?
-3
-21 (base 11) to base 4
-113
What is 473 (base 8) in base 13?
1b3
3 (base 9) to base 15
3
What is -11 (base 3) in base 2?
-100
What is 11 (base 10) in base 4?
23
What is -6 (base 9) in base 6?
-10
Convert 6 (base 13) to base 2.
110
What is -24 (base 14) in base 15?
-22
What is -63 (base 7) in base 9?
-50
What is -161 (base 10) in base 2?
-10100001
Convert 4 (base 15) to base 13.
4
What is 78 (base 10) in base 11?
71
43 (base 14) to base 2
111011
-221 (base 3) to base 10
-25
-23 (base 8) to base 12
-17
Convert 172 (base 12) to base 8.
346
1 (base 16) to base 6
1
30 (base 10) to base 5
110
-282 (base 10) to base 11
-237
Convert 30 (base 5) to base 10.
15
177 (base 10) to base 2
10110001
10 (base 3) to base 10
3
28 (base 15) to base 6
102
What is 453 (base 6) in base 5?
1202
Convert 3 (base 6) to base 3.
10
17 (base 15) to base 12
1a
Convert -21 (base 9) to base 6.
-31
Convert -7e (base 15) to base 12.
-9b
What is 0 (base 7) in base 9?
0
What is 20 (base 8) in base 11?
15
What is 33 (base 6) in base 15?
16
Convert -260 (base 8) to base 6.
-452
-d (base 16) to base 13
-10
Convert 222 (base 3) to base 16.
1a
Convert 11 (base 3) to base 11.
4
What is 5 (base 14) in base 16?
5
Convert 22 (base 3) to base 10.
8
What is -20 (base 4) in base 12?
-8
Convert 139 (base 12) to base 3.
21000
What is -3 (base 15) in base 16?
-3
-2 (base 4) to base 11
-2
Convert 22 (base 3) to base 14.
8
35 (base 6) to base 13
1a
What is 2 (base 10) in base 5?
2
Convert 48 (base 14) to base 2.
1000000
What is 60 (base 11) in base 13?
51
Convert -304 (base 5) to base 10.
-79
Convert 123 (base 4) to base 10.
27
Convert -9 (base 15) to base 13.
-9
-5a (base 15) to base 14
-61
Convert 16 (base 8) to base 3.
112
Convert 2 (base 13) to base 10.
2
11 (base 3) to base 10
4
What is -13 (base 12) in base 10?
-15
What is 2 (base 12) in base 10?
2
What is -45 (base 14) in base 10?
-61
What is -123 (base 5) in base 10?
-38
9 (base 15) to base 3
100
125 (base 7) to base 10
68
1a (base 14) to base 3
220
What is -228 (base 9) in base 4?
-2330
What is 46 (base 11) in base 16?
32
Convert 99 (base 12) to base 2.
1110101
Convert -35 (base 6) to base 8.
-27
Convert -a (base 11) to base 5.
-20
What is -10 (base 10) in base 9?
-11
Convert -37 (base 10) to base 3.
-1101
What is 22 (base 5) in base 10?
12
-4 (base 8) to base 5
-4
What is 10 (base 16) in base 7?
22
What is 230 (base 5) in base 16?
41
What is -242 (base 6) in base 3?
-10122
What is -103 (base 5) in base 7?
-40
-24 (base 8) to base 12
-18
What is -7 (base 14) in base 5?
-12
-14 (base 11) to base 5
-30
What is 30 (base 6) in base 16?
12
What is 41 (base 7) in base 10?
29
What is -50 (base 8) in base 2?
-101000
What is -100 (base 8) in base 11?
-59
What is 12 (base 16) in base 12?
16
1111 (base 2) to base 13
12
Convert -1 (base 15) to base 12.
-1
1 (base 5) to base 8
1
Convert c (base 13) to base 6.
20
What is 5d (base 16) in base 3?
10110
-4 (base 13) to base 12
-4
Convert -19 (base 16) to base 4.
-121
What is -3 (base 12) in base 14?
-3
Convert 1 (base 3) to base 10.
1
What is -3a (base 13) in base 10?
-49
-11 (base 6) to base 2
-111
4 (base 5) to base 15
4
What is 2 (base 3) in base 7?
2
What is -157 (base 9) in base 11?
-111
-6 (base 12) to base 4
-12
Convert 2 (base 10) to base 8.
2
What is 1110 (base 3) in base 5?
124
What is 9 (base 12) in base 3?
100
Convert 1 (base 6) to base 14.
1
5 (base 9) to base 16
5
Convert -1 (base 11) to base 12.
-1
-1a (base 13) to base 9
-25
What is -8 (base 16) in base 7?
-11
Convert 40 (base 5) to base 2.
10100
-10 (base 3) to base 7
-3
What is 3010 (base 4) in base 10?
196
Convert 1 (base 2) to base 14.
1
Convert 3 (base 13) to base 3.
10
-71 (base 10) to base 4
-1013
What is 0 (base 3) in base 16?
0
-3 (base 5) to base 14
-3
What is 11000110 (base 2) in base 13?
123
Convert 201 (base 4) to base 3.
1020
100011010 (base 2) to base 8
432
What is 3 (base 15) in base 13?
3
-2d (base 16) to base 10
-45
-1 (base 4) to base 14
-1
What is 10 (base 8) in base 3?
22
-3 (base 10) to base 6
-3
Convert -2 (base 10) to base 11.
-2
Convert 0 (base 5) to base 7.
0
Convert -1122 (base 5) to base 4.
-2202
What is -1330 (base 5) in base 16?
-d7
What is -a (base 12) in base 6?
-14
What is 6 (base 7) in base 8?
6
0 (base 6) to base 9
0
Convert 64 (base 9) to base 8.
72
Convert -1 (base 11) to base 5.
-1
Convert 12 (base 12) to base 2.
1110
What is 7 (base 14) in base 5?
12
What is -1103 (base 4) in base 15?
-58
What is 6 (base 15) in base 2?
110
-100 (base 2) to base 4
-10
What is -3 (base 10) in base 11?
-3
-8 (base 11) to base 6
-12
What is -13 (base 11) in base 2?
-1110
142 (base 9) to base 6
315
What is 0 (base 13) in base 11?
0
What is 1 (base 6) in base 8?
1
Convert -2 (base 3) to base 11.
-2
-12 (base 5) to base 11
-7
Convert -1 (base 5) to base 3.
-1
1 (base 8) to base 16
1
62 (base 7) to base 16
2c
Convert -61 (base 7) to base 9.
-47
What is 0 (base 14) in base 15?
0
Convert -1 (base 5) to base 11.
-1
Convert 12 (base 5) to base 2.
111
Convert 153 (base 11) to base 6.
455
Convert 0 (base 14) to base 6.
0
-3 (base 9) to base 10
-3
Convert 1110 (base 2) to base 11.
13
-4 (base 12) to base 3
-11
-1e (base 16) to base 9
-33
Convert a1 (base 16) to base 5.
1121
What is 12 (base 11) in base 10?
13
Convert 2 (base 4) to base 10.
2
-5c (base 16) to base 8
-134
Convert -112 (base 3) to base 7.
-20
-141 (base 5) to base 2
-101110
Convert -37 (base 15) to base 14.
-3a
Convert 6 (base 7) to base 10.
6
255 (base 6) to base 3
10222
Convert -10 (base 8) to base 9.
-8
Convert -1200 (base 5) to base 7.
-340
Convert -202 (base 4) to base 11.
-31
What is 11100 (base 2) in base 5?
103
Convert -1 (base 14) to base 8.
-1
What is 211 (base 3) in base 10?
22
What is 1 (base 5) in base 2?
1
What is 32 (base 14) in base 15?
2e
-3 (base 16) to base 13
-3
What is -193 (base 11) in base 6?
-1011
Convert -4 (base 8) to base 6.
-4
Convert -6 (base 13) to base 15.
-6
Convert -12 (base 3) to base 13.
-5
-4 (base 7) to base 5
-4
Convert 4 (base 16) to base 10.
4
Convert 24 (base 11) to base 13.
20
What is -2 (base 4) in base 3?
-2
Convert 31 (base 8) to base 12.
21
What is -9 (base 10) in base 9?
-10
-3 (base 5) to base 9
-3
What is -3c (base 16) in base 9?
-66
What is -1 (base 8) in base 7?
-1
What is -110 (base 2) in base 6?
-10
140 (base 5) to base 10
45
Convert -19 (base 12) to base 6.
-33
Convert 11 (base 14) to base 2.
1111
Convert -3 (base 7) to base 10.
-3
What is 190 (